{"id":16,"date":"2011-06-02T17:06:17","date_gmt":"2011-06-02T15:06:17","guid":{"rendered":"http:\/\/fanfaredubono.fr\/?page_id=16"},"modified":"2012-08-25T15:46:59","modified_gmt":"2012-08-25T13:46:59","slug":"presse","status":"publish","type":"page","link":"http:\/\/fanfaredubono.fr\/index.php\/presse\/","title":{"rendered":"Presse"},"content":{"rendered":"<p style=\"text-align: center;\"><a href=\"http:\/\/fanfaredubono.fr\/wp-content\/uploads\/teleg20120110.jpg\" target=\"_blank\"> <\/a><a href=\"http:\/\/fanfaredubono.fr\/wp-content\/uploads\/article-d\u00e9d\u00e9s-en-bulles-Hoedic-Le-Telegramme-17-mai-2012.jpg\" target=\"_blank\"><img loading=\"lazy\" decoding=\"async\" class=\"aligncenter size-medium wp-image-1005\" title=\"article d\u00e9d\u00e9s en bulles Hoedic Le Telegramme 17 mai 2012\" src=\"http:\/\/fanfaredubono.fr\/wp-content\/uploads\/article-d\u00e9d\u00e9s-en-bulles-Hoedic-Le-Telegramme-17-mai-2012-180x300.jpg\" alt=\"article d\u00e9d\u00e9s en bulles Hoedic Le Telegramme 17 mai 2012\" width=\"180\" height=\"300\" srcset=\"http:\/\/fanfaredubono.fr\/wp-content\/uploads\/article-d\u00e9d\u00e9s-en-bulles-Hoedic-Le-Telegramme-17-mai-2012-180x300.jpg 180w, http:\/\/fanfaredubono.fr\/wp-content\/uploads\/article-d\u00e9d\u00e9s-en-bulles-Hoedic-Le-Telegramme-17-mai-2012.jpg 402w\" sizes=\"auto, (max-width: 180px) 100vw, 180px\" \/><\/a><a href=\"http:\/\/fanfaredubono.fr\/wp-content\/uploads\/article-d\u00e9d\u00e9s-en-bulles-Hoedic-OF-17-mai-2012.jpg\" target=\"_blank\"><img loading=\"lazy\" decoding=\"async\" class=\"aligncenter size-medium wp-image-1004\" title=\"article d\u00e9d\u00e9s en bulles Hoedic OF 17 mai 2012\" src=\"http:\/\/fanfaredubono.fr\/wp-content\/uploads\/article-d\u00e9d\u00e9s-en-bulles-Hoedic-OF-17-mai-2012-220x300.jpg\" alt=\"article d\u00e9d\u00e9s en bulles Hoedic OF 17 mai 2012\" width=\"220\" height=\"300\" srcset=\"http:\/\/fanfaredubono.fr\/wp-content\/uploads\/article-d\u00e9d\u00e9s-en-bulles-Hoedic-OF-17-mai-2012-220x300.jpg 220w, http:\/\/fanfaredubono.fr\/wp-content\/uploads\/article-d\u00e9d\u00e9s-en-bulles-Hoedic-OF-17-mai-2012.jpg 481w\" sizes=\"auto, (max-width: 220px) 100vw, 220px\" \/><\/a><\/p>\n<dl id=\"attachment_811\" class=\"wp-caption aligncenter\" style=\"width: 370px;\"><a href=\"http:\/\/fanfaredubono.fr\/wp-content\/uploads\/teleg20120110.jpg\" target=\"_blank\"> <\/p>\n<dt class=\"wp-caption-dt\"><img loading=\"lazy\" decoding=\"async\" class=\"alignnone aligncenter\" title=\"teleg20120110\" src=\"http:\/\/fanfaredubono.fr\/wp-content\/uploads\/teleg20120110-300x219.jpg\" alt=\"Article du T\u00e9l\u00e9gramme du 10 janvier 2012\" width=\"300\" height=\"219\" \/><\/dt>\n<p> <\/a><a href=\"http:\/\/fanfaredubono.fr\/wp-content\/uploads\/teleg20120110.jpg\" target=\"_blank\"> <\/a><a href=\"http:\/\/fanfaredubono.fr\/wp-content\/uploads\/teleg20120110.jpg\" target=\"_blank\"> <\/a><a href=\"http:\/\/fanfaredubono.fr\/wp-content\/uploads\/teleg20120110.jpg\" target=\"_blank\"> <\/a><\/p>\n<\/dl>\n<p><a href=\"http:\/\/fanfaredubono.fr\/wp-content\/uploads\/teleg20120110.jpg\" target=\"_blank\"> <\/a><\/p>\n<p><a href=\"http:\/\/fanfaredubono.fr\/wp-content\/uploads\/teleg20120110.jpg\" target=\"_blank\"><\/a><\/p>\n<p style=\"text-align: center;\"><a href=\"http:\/\/fanfaredubono.fr\/wp-content\/uploads\/telegramme.jpg\" target=\"_blank\"><\/a><a href=\"http:\/\/fanfaredubono.fr\/wp-content\/uploads\/telegramme.jpg\" target=\"_blank\"><img loading=\"lazy\" decoding=\"async\" class=\"size-full wp-image-407 alignnone\" title=\"Article du T\u00e9l\u00e9gramme du 11 juin 2011\" src=\"http:\/\/fanfaredubono.fr\/wp-content\/uploads\/telegramme.jpg\" alt=\"Fanfare. \u00c7a swingue pour Les D\u00e9d\u00e9s en Bulles\" width=\"360\" height=\"284\" srcset=\"http:\/\/fanfaredubono.fr\/wp-content\/uploads\/telegramme.jpg 600w, http:\/\/fanfaredubono.fr\/wp-content\/uploads\/telegramme-300x237.jpg 300w\" sizes=\"auto, (max-width: 360px) 100vw, 360px\" \/><\/a><\/p>\n<p style=\"text-align: center;\"><a href=\"http:\/\/fanfaredubono.fr\/wp-content\/uploads\/telegramme.jpg\" target=\"_blank\"><\/a><a rel=\"attachment wp-att-261\" href=\"http:\/\/fanfaredubono.fr\/?attachment_id=261\"><\/a><a href=\"http:\/\/fanfaredubono.fr\/wp-content\/uploads\/ouestf20110611.jpg\" target=\"_blank\"><img loading=\"lazy\" decoding=\"async\" class=\"aligncenter size-full wp-image-566\" title=\"Ouest France le 11 juin 2011\" src=\"http:\/\/fanfaredubono.fr\/wp-content\/uploads\/ouestf20110611.jpg\" alt=\"La fanfare Les D\u00e9d\u00e9s en Bulles conna\u00eet le succ\u00e8s\" width=\"360\" height=\"345\" srcset=\"http:\/\/fanfaredubono.fr\/wp-content\/uploads\/ouestf20110611.jpg 600w, http:\/\/fanfaredubono.fr\/wp-content\/uploads\/ouestf20110611-300x287.jpg 300w\" sizes=\"auto, (max-width: 360px) 100vw, 360px\" \/><\/a><a href=\"http:\/\/fanfaredubono.fr\/wp-content\/uploads\/teleg20110613a.jpg\" target=\"_blank\"><img loading=\"lazy\" decoding=\"async\" class=\"aligncenter size-full wp-image-569\" title=\"Le T\u00e9l\u00e9gramme du 13 juin 2011\" src=\"http:\/\/fanfaredubono.fr\/wp-content\/uploads\/teleg20110613a.jpg\" alt=\"Bouquets d'arts \u00e0 Saint Degan\" width=\"277\" height=\"370\" srcset=\"http:\/\/fanfaredubono.fr\/wp-content\/uploads\/teleg20110613a.jpg 461w, http:\/\/fanfaredubono.fr\/wp-content\/uploads\/teleg20110613a-224x300.jpg 224w\" sizes=\"auto, (max-width: 277px) 100vw, 277px\" \/><\/a><a href=\"http:\/\/fanfaredubono.fr\/wp-content\/uploads\/teleg20110613b.jpg\" target=\"_blank\"><img loading=\"lazy\" decoding=\"async\" class=\"aligncenter size-full wp-image-572\" title=\"Le T\u00e9l\u00e9gramme du 13 juin 2011\" src=\"http:\/\/fanfaredubono.fr\/wp-content\/uploads\/teleg20110613b.jpg\" alt=\"\" width=\"360\" height=\"216\" srcset=\"http:\/\/fanfaredubono.fr\/wp-content\/uploads\/teleg20110613b.jpg 600w, http:\/\/fanfaredubono.fr\/wp-content\/uploads\/teleg20110613b-300x180.jpg 300w\" sizes=\"auto, (max-width: 360px) 100vw, 360px\" \/><\/a><a href=\"http:\/\/fanfaredubono.fr\/wp-content\/uploads\/teleg20110517.jpg\" target=\"_blank\"><img loading=\"lazy\" decoding=\"async\" class=\"aligncenter size-full wp-image-579\" title=\"Le T\u00e9l\u00e9gramme du 17 mai 2011\" src=\"http:\/\/fanfaredubono.fr\/wp-content\/uploads\/teleg20110517.jpg\" alt=\"Soci\u00e9t\u00e9 nautique - Le Bono\" width=\"360\" height=\"296\" srcset=\"http:\/\/fanfaredubono.fr\/wp-content\/uploads\/teleg20110517.jpg 600w, http:\/\/fanfaredubono.fr\/wp-content\/uploads\/teleg20110517-300x247.jpg 300w\" sizes=\"auto, (max-width: 360px) 100vw, 360px\" \/><\/a><\/p>\n","protected":false},"excerpt":{"rendered":"","protected":false},"author":1,"featured_media":408,"parent":0,"menu_order":2,"comment_status":"closed","ping_status":"closed","template":"onecolumn-page.php","meta":{"footnotes":"","_links_to":"","_links_to_target":""},"class_list":["post-16","page","type-page","status-publish","has-post-thumbnail","hentry"],"_links":{"self":[{"href":"http:\/\/fanfaredubono.fr\/index.php\/wp-json\/wp\/v2\/pages\/16","targetHints":{"allow":["GET"]}}],"collection":[{"href":"http:\/\/fanfaredubono.fr\/index.php\/wp-json\/wp\/v2\/pages"}],"about":[{"href":"http:\/\/fanfaredubono.fr\/index.php\/wp-json\/wp\/v2\/types\/page"}],"author":[{"embeddable":true,"href":"http:\/\/fanfaredubono.fr\/index.php\/wp-json\/wp\/v2\/users\/1"}],"replies":[{"embeddable":true,"href":"http:\/\/fanfaredubono.fr\/index.php\/wp-json\/wp\/v2\/comments?post=16"}],"version-history":[{"count":0,"href":"http:\/\/fanfaredubono.fr\/index.php\/wp-json\/wp\/v2\/pages\/16\/revisions"}],"wp:featuredmedia":[{"embeddable":true,"href":"http:\/\/fanfaredubono.fr\/index.php\/wp-json\/wp\/v2\/media\/408"}],"wp:attachment":[{"href":"http:\/\/fanfaredubono.fr\/index.php\/wp-json\/wp\/v2\/media?parent=16"}],"curies":[{"name":"wp","href":"https:\/\/api.w.org\/{rel}","templated":true}]}}